Dec 01 23:35:31.681 INFO testing bastikr/wordacademy-solver against master#8940af3cea4a9a9deabcaf843b2f8cad9a83fc61 for beta-1.31-5
Dec 01 23:35:31.681 INFO running `"docker" "create" "-v" "/mnt/big/crater/work/local/target-dirs/beta-1.31-5/worker-1/master#8940af3cea4a9a9deabcaf843b2f8cad9a83fc61:/target:rw,Z" "-v" "/mnt/big/crater/work/local/test-source/worker-1/beta-1.31-5/master#8940af3cea4a9a9deabcaf843b2f8cad9a83fc61:/source:ro,Z" "-v" "/mnt/big/crater/work/local/cargo-home:/cargo-home:ro,Z" "-v" "/mnt/big/crater/work/local/rustup-home:/rustup-home:ro,Z" "-e" "USER_ID=1000" "-e" "SOURCE_DIR=/source" "-e" "USER_ID=1000" "-e" "CMD=cargo +8940af3cea4a9a9deabcaf843b2f8cad9a83fc61-alt build --frozen" "-e" "CARGO_TARGET_DIR=/target" "-e" "CARGO_INCREMENTAL=0" "-e" "RUST_BACKTRACE=full" "-e" "RUSTFLAGS=--cap-lints=warn" "-e" "CARGO_HOME=/cargo-home" "-e" "RUSTUP_HOME=/rustup-home" "-m" "1536M" "--network" "none" "crater"`
Dec 01 23:35:32.164 INFO [stdout] f9ae3cc1dffde884a36f703357448afe7fd8adf18058d155fdd2188ac4535921
Dec 01 23:35:32.166 INFO running `"docker" "start" "-a" "f9ae3cc1dffde884a36f703357448afe7fd8adf18058d155fdd2188ac4535921"`
Dec 01 23:35:33.747 INFO [stderr] usermod: no changes
Dec 01 23:35:33.860 INFO [stderr]    Compiling wordacademy-solver v0.1.0 (/source)
Dec 01 23:35:34.439 INFO [stderr] warning: unused import: `std::collections::HashMap`
Dec 01 23:35:34.439 INFO [stderr]  --> src/chargraph.rs:1:5
Dec 01 23:35:34.439 INFO [stderr]   |
Dec 01 23:35:34.439 INFO [stderr] 1 | use std::collections::HashMap;
Dec 01 23:35:34.439 INFO [stderr]   |     ^^^^^^^^^^^^^^^^^^^^^^^^^
Dec 01 23:35:34.439 INFO [stderr]   |
Dec 01 23:35:34.439 INFO [stderr]   = note: #[warn(unused_imports)] on by default
Dec 01 23:35:34.439 INFO [stderr] 
Dec 01 23:35:34.679 INFO [stderr] warning: unused variable: `index`
Dec 01 23:35:34.679 INFO [stderr]   --> src/chargraph.rs:73:17
Dec 01 23:35:34.679 INFO [stderr]    |
Dec 01 23:35:34.679 INFO [stderr] 73 |             Err(index) => { panic!("bla") }
Dec 01 23:35:34.679 INFO [stderr]    |                 ^^^^^ help: consider using `_index` instead
Dec 01 23:35:34.679 INFO [stderr]    |
Dec 01 23:35:34.691 INFO [stderr]    = note: #[warn(unused_variables)] on by default
Dec 01 23:35:34.691 INFO [stderr] 
Dec 01 23:35:34.782 INFO [stderr] warning: function is never used: `writeable`
Dec 01 23:35:34.782 INFO [stderr]    --> src/solver_positional.rs:515:1
Dec 01 23:35:34.782 INFO [stderr]     |
Dec 01 23:35:34.782 INFO [stderr] 515 | fn writeable(word: &str, board: &Board) -> bool {
Dec 01 23:35:34.782 INFO [stderr]     | ^^^^^^^^^^^^^^^^^^^^^^^^^^^^^^^^^^^^^^^^^^^^^^^
Dec 01 23:35:34.782 INFO [stderr]     |
Dec 01 23:35:34.782 INFO [stderr]     = note: #[warn(dead_code)] on by default
Dec 01 23:35:34.782 INFO [stderr] 
Dec 01 23:35:34.783 INFO [stderr] warning: unused `std::result::Result` that must be used
Dec 01 23:35:34.783 INFO [stderr]   --> src/board.rs:66:9
Dec 01 23:35:34.783 INFO [stderr]    |
Dec 01 23:35:34.783 INFO [stderr] 66 |         writeln!(f);
Dec 01 23:35:34.783 INFO [stderr]    |         ^^^^^^^^^^^^
Dec 01 23:35:34.783 INFO [stderr]    |
Dec 01 23:35:34.783 INFO [stderr]    = note: #[warn(unused_must_use)] on by default
Dec 01 23:35:34.783 INFO [stderr]    = note: this `Result` may be an `Err` variant, which should be handled
Dec 01 23:35:34.783 INFO [stderr]    = note: this error originates in a macro outside of the current crate (in Nightly builds, run with -Z external-macro-backtrace for more info)
Dec 01 23:35:34.783 INFO [stderr] 
Dec 01 23:35:34.783 INFO [stderr] warning: unused `std::result::Result` that must be used
Dec 01 23:35:34.783 INFO [stderr]   --> src/board.rs:68:13
Dec 01 23:35:34.783 INFO [stderr]    |
Dec 01 23:35:34.783 INFO [stderr] 68 |             writeln!(f, "{}", separator);
Dec 01 23:35:34.783 INFO [stderr]    |             ^^^^^^^^^^^^^^^^^^^^^^^^^^^^^
Dec 01 23:35:34.783 INFO [stderr]    |
Dec 01 23:35:34.784 INFO [stderr]    = note: this `Result` may be an `Err` variant, which should be handled
Dec 01 23:35:34.784 INFO [stderr]    = note: this error originates in a macro outside of the current crate (in Nightly builds, run with -Z external-macro-backtrace for more info)
Dec 01 23:35:34.784 INFO [stderr] 
Dec 01 23:35:34.784 INFO [stderr] warning: unused `std::result::Result` that must be used
Dec 01 23:35:34.784 INFO [stderr]   --> src/board.rs:70:17
Dec 01 23:35:34.784 INFO [stderr]    |
Dec 01 23:35:34.784 INFO [stderr] 70 |                 write!(f, "|");
Dec 01 23:35:34.784 INFO [stderr]    |                 ^^^^^^^^^^^^^^^
Dec 01 23:35:34.784 INFO [stderr]    |
Dec 01 23:35:34.784 INFO [stderr]    = note: this `Result` may be an `Err` variant, which should be handled
Dec 01 23:35:34.784 INFO [stderr]    = note: this error originates in a macro outside of the current crate (in Nightly builds, run with -Z external-macro-backtrace for more info)
Dec 01 23:35:34.784 INFO [stderr] 
Dec 01 23:35:34.785 INFO [stderr] warning: unused `std::result::Result` that must be used
Dec 01 23:35:34.785 INFO [stderr]   --> src/board.rs:72:21
Dec 01 23:35:34.785 INFO [stderr]    |
Dec 01 23:35:34.785 INFO [stderr] 72 |                     write!(f, "{}", self.get(i, j));
Dec 01 23:35:34.785 INFO [stderr]    |                     ^^^^^^^^^^^^^^^^^^^^^^^^^^^^^^^^
Dec 01 23:35:34.785 INFO [stderr]    |
Dec 01 23:35:34.785 INFO [stderr]    = note: this `Result` may be an `Err` variant, which should be handled
Dec 01 23:35:34.785 INFO [stderr]    = note: this error originates in a macro outside of the current crate (in Nightly builds, run with -Z external-macro-backtrace for more info)
Dec 01 23:35:34.785 INFO [stderr] 
Dec 01 23:35:34.785 INFO [stderr] warning: unused `std::result::Result` that must be used
Dec 01 23:35:34.785 INFO [stderr]   --> src/board.rs:74:21
Dec 01 23:35:34.785 INFO [stderr]    |
Dec 01 23:35:34.785 INFO [stderr] 74 |                     write!(f, " ");
Dec 01 23:35:34.785 INFO [stderr]    |                     ^^^^^^^^^^^^^^^
Dec 01 23:35:34.785 INFO [stderr]    |
Dec 01 23:35:34.785 INFO [stderr]    = note: this `Result` may be an `Err` variant, which should be handled
Dec 01 23:35:34.785 INFO [stderr]    = note: this error originates in a macro outside of the current crate (in Nightly builds, run with -Z external-macro-backtrace for more info)
Dec 01 23:35:34.785 INFO [stderr] 
Dec 01 23:35:34.785 INFO [stderr] warning: unused `std::result::Result` that must be used
Dec 01 23:35:34.785 INFO [stderr]   --> src/board.rs:77:13
Dec 01 23:35:34.785 INFO [stderr]    |
Dec 01 23:35:34.785 INFO [stderr] 77 |             writeln!(f, "|");
Dec 01 23:35:34.785 INFO [stderr]    |             ^^^^^^^^^^^^^^^^^
Dec 01 23:35:34.785 INFO [stderr]    |
Dec 01 23:35:34.785 INFO [stderr]    = note: this `Result` may be an `Err` variant, which should be handled
Dec 01 23:35:34.791 INFO [stderr]    = note: this error originates in a macro outside of the current crate (in Nightly builds, run with -Z external-macro-backtrace for more info)
Dec 01 23:35:34.791 INFO [stderr] 
Dec 01 23:35:37.975 INFO [stderr]     Finished dev [unoptimized + debuginfo] target(s) in 4.18s
Dec 01 23:35:37.980 INFO [stderr] su: No module specific data is present
Dec 01 23:35:38.956 INFO running `"docker" "inspect" "f9ae3cc1dffde884a36f703357448afe7fd8adf18058d155fdd2188ac4535921"`
Dec 01 23:35:39.060 INFO running `"docker" "rm" "-f" "f9ae3cc1dffde884a36f703357448afe7fd8adf18058d155fdd2188ac4535921"`
Dec 01 23:35:39.195 INFO [stdout] f9ae3cc1dffde884a36f703357448afe7fd8adf18058d155fdd2188ac4535921
Dec 01 23:35:39.197 INFO running `"docker" "create" "-v" "/mnt/big/crater/work/local/target-dirs/beta-1.31-5/worker-1/master#8940af3cea4a9a9deabcaf843b2f8cad9a83fc61:/target:rw,Z" "-v" "/mnt/big/crater/work/local/test-source/worker-1/beta-1.31-5/master#8940af3cea4a9a9deabcaf843b2f8cad9a83fc61:/source:ro,Z" "-v" "/mnt/big/crater/work/local/cargo-home:/cargo-home:ro,Z" "-v" "/mnt/big/crater/work/local/rustup-home:/rustup-home:ro,Z" "-e" "USER_ID=1000" "-e" "SOURCE_DIR=/source" "-e" "USER_ID=1000" "-e" "CMD=cargo +8940af3cea4a9a9deabcaf843b2f8cad9a83fc61-alt test --frozen --no-run" "-e" "CARGO_TARGET_DIR=/target" "-e" "CARGO_INCREMENTAL=0" "-e" "RUST_BACKTRACE=full" "-e" "RUSTFLAGS=--cap-lints=warn" "-e" "CARGO_HOME=/cargo-home" "-e" "RUSTUP_HOME=/rustup-home" "-m" "1536M" "--network" "none" "crater"`
Dec 01 23:35:39.501 INFO [stdout] 5cbd72bad0f597f4f90740ff8d5b9bdc0e99d1f8eeea6eb92c9756fd03384ee7
Dec 01 23:35:39.503 INFO running `"docker" "start" "-a" "5cbd72bad0f597f4f90740ff8d5b9bdc0e99d1f8eeea6eb92c9756fd03384ee7"`
Dec 01 23:35:39.939 INFO [stderr] usermod: no changes
Dec 01 23:35:39.962 INFO [stderr]    Compiling wordacademy-solver v0.1.0 (/source)
Dec 01 23:35:40.398 INFO [stderr] warning: unused import: `Mask`
Dec 01 23:35:40.398 INFO [stderr]    --> src/board.rs:245:29
Dec 01 23:35:40.398 INFO [stderr]     |
Dec 01 23:35:40.398 INFO [stderr] 245 |     use board::{Neighbours, Mask};
Dec 01 23:35:40.398 INFO [stderr]     |                             ^^^^
Dec 01 23:35:40.398 INFO [stderr]     |
Dec 01 23:35:40.398 INFO [stderr]     = note: #[warn(unused_imports)] on by default
Dec 01 23:35:40.398 INFO [stderr] 
Dec 01 23:35:40.398 INFO [stderr] warning: unused import: `std::collections::HashMap`
Dec 01 23:35:40.398 INFO [stderr]  --> src/chargraph.rs:1:5
Dec 01 23:35:40.398 INFO [stderr]   |
Dec 01 23:35:40.399 INFO [stderr] 1 | use std::collections::HashMap;
Dec 01 23:35:40.399 INFO [stderr]   |     ^^^^^^^^^^^^^^^^^^^^^^^^^
Dec 01 23:35:40.399 INFO [stderr] 
Dec 01 23:35:40.644 INFO [stderr] warning: unused variable: `graph`
Dec 01 23:35:40.644 INFO [stderr]   --> src/chargraph.rs:97:13
Dec 01 23:35:40.644 INFO [stderr]    |
Dec 01 23:35:40.644 INFO [stderr] 97 |         let graph = CharGraph::from_strings(&words);
Dec 01 23:35:40.644 INFO [stderr]    |             ^^^^^ help: consider using `_graph` instead
Dec 01 23:35:40.644 INFO [stderr]    |
Dec 01 23:35:40.644 INFO [stderr]    = note: #[warn(unused_variables)] on by default
Dec 01 23:35:40.644 INFO [stderr] 
Dec 01 23:35:40.644 INFO [stderr] warning: unused variable: `index`
Dec 01 23:35:40.645 INFO [stderr]   --> src/chargraph.rs:73:17
Dec 01 23:35:40.645 INFO [stderr]    |
Dec 01 23:35:40.645 INFO [stderr] 73 |             Err(index) => { panic!("bla") }
Dec 01 23:35:40.645 INFO [stderr]    |                 ^^^^^ help: consider using `_index` instead
Dec 01 23:35:40.645 INFO [stderr] 
Dec 01 23:35:40.734 INFO [stderr] warning: function is never used: `writeable`
Dec 01 23:35:40.734 INFO [stderr]    --> src/solver_positional.rs:515:1
Dec 01 23:35:40.735 INFO [stderr]     |
Dec 01 23:35:40.735 INFO [stderr] 515 | fn writeable(word: &str, board: &Board) -> bool {
Dec 01 23:35:40.735 INFO [stderr]     | ^^^^^^^^^^^^^^^^^^^^^^^^^^^^^^^^^^^^^^^^^^^^^^^
Dec 01 23:35:40.735 INFO [stderr]     |
Dec 01 23:35:40.736 INFO [stderr]     = note: #[warn(dead_code)] on by default
Dec 01 23:35:40.736 INFO [stderr] 
Dec 01 23:35:40.737 INFO [stderr] warning: unused `std::result::Result` that must be used
Dec 01 23:35:40.737 INFO [stderr]   --> src/board.rs:66:9
Dec 01 23:35:40.738 INFO [stderr]    |
Dec 01 23:35:40.738 INFO [stderr] 66 |         writeln!(f);
Dec 01 23:35:40.738 INFO [stderr]    |         ^^^^^^^^^^^^
Dec 01 23:35:40.738 INFO [stderr]    |
Dec 01 23:35:40.739 INFO [stderr]    = note: #[warn(unused_must_use)] on by default
Dec 01 23:35:40.739 INFO [stderr]    = note: this `Result` may be an `Err` variant, which should be handled
Dec 01 23:35:40.739 INFO [stderr]    = note: this error originates in a macro outside of the current crate (in Nightly builds, run with -Z external-macro-backtrace for more info)
Dec 01 23:35:40.740 INFO [stderr] 
Dec 01 23:35:40.740 INFO [stderr] warning: unused `std::result::Result` that must be used
Dec 01 23:35:40.740 INFO [stderr]   --> src/board.rs:68:13
Dec 01 23:35:40.741 INFO [stderr]    |
Dec 01 23:35:40.741 INFO [stderr] 68 |             writeln!(f, "{}", separator);
Dec 01 23:35:40.741 INFO [stderr]    |             ^^^^^^^^^^^^^^^^^^^^^^^^^^^^^
Dec 01 23:35:40.741 INFO [stderr]    |
Dec 01 23:35:40.742 INFO [stderr]    = note: this `Result` may be an `Err` variant, which should be handled
Dec 01 23:35:40.742 INFO [stderr]    = note: this error originates in a macro outside of the current crate (in Nightly builds, run with -Z external-macro-backtrace for more info)
Dec 01 23:35:40.742 INFO [stderr] 
Dec 01 23:35:40.743 INFO [stderr] warning: unused `std::result::Result` that must be used
Dec 01 23:35:40.743 INFO [stderr]   --> src/board.rs:70:17
Dec 01 23:35:40.743 INFO [stderr]    |
Dec 01 23:35:40.743 INFO [stderr] 70 |                 write!(f, "|");
Dec 01 23:35:40.744 INFO [stderr]    |                 ^^^^^^^^^^^^^^^
Dec 01 23:35:40.744 INFO [stderr]    |
Dec 01 23:35:40.744 INFO [stderr]    = note: this `Result` may be an `Err` variant, which should be handled
Dec 01 23:35:40.745 INFO [stderr]    = note: this error originates in a macro outside of the current crate (in Nightly builds, run with -Z external-macro-backtrace for more info)
Dec 01 23:35:40.745 INFO [stderr] 
Dec 01 23:35:40.745 INFO [stderr] warning: unused `std::result::Result` that must be used
Dec 01 23:35:40.745 INFO [stderr]   --> src/board.rs:72:21
Dec 01 23:35:40.746 INFO [stderr]    |
Dec 01 23:35:40.746 INFO [stderr] 72 |                     write!(f, "{}", self.get(i, j));
Dec 01 23:35:40.746 INFO [stderr]    |                     ^^^^^^^^^^^^^^^^^^^^^^^^^^^^^^^^
Dec 01 23:35:40.746 INFO [stderr]    |
Dec 01 23:35:40.747 INFO [stderr]    = note: this `Result` may be an `Err` variant, which should be handled
Dec 01 23:35:40.747 INFO [stderr]    = note: this error originates in a macro outside of the current crate (in Nightly builds, run with -Z external-macro-backtrace for more info)
Dec 01 23:35:40.747 INFO [stderr] 
Dec 01 23:35:40.747 INFO [stderr] warning: unused `std::result::Result` that must be used
Dec 01 23:35:40.748 INFO [stderr]   --> src/board.rs:74:21
Dec 01 23:35:40.748 INFO [stderr]    |
Dec 01 23:35:40.748 INFO [stderr] 74 |                     write!(f, " ");
Dec 01 23:35:40.748 INFO [stderr]    |                     ^^^^^^^^^^^^^^^
Dec 01 23:35:40.749 INFO [stderr]    |
Dec 01 23:35:40.749 INFO [stderr]    = note: this `Result` may be an `Err` variant, which should be handled
Dec 01 23:35:40.749 INFO [stderr]    = note: this error originates in a macro outside of the current crate (in Nightly builds, run with -Z external-macro-backtrace for more info)
Dec 01 23:35:40.749 INFO [stderr] 
Dec 01 23:35:40.750 INFO [stderr] warning: unused `std::result::Result` that must be used
Dec 01 23:35:40.750 INFO [stderr]   --> src/board.rs:77:13
Dec 01 23:35:40.750 INFO [stderr]    |
Dec 01 23:35:40.750 INFO [stderr] 77 |             writeln!(f, "|");
Dec 01 23:35:40.751 INFO [stderr]    |             ^^^^^^^^^^^^^^^^^
Dec 01 23:35:40.751 INFO [stderr]    |
Dec 01 23:35:40.751 INFO [stderr]    = note: this `Result` may be an `Err` variant, which should be handled
Dec 01 23:35:40.752 INFO [stderr]    = note: this error originates in a macro outside of the current crate (in Nightly builds, run with -Z external-macro-backtrace for more info)
Dec 01 23:35:40.752 INFO [stderr] 
Dec 01 23:35:41.635 INFO [stderr]     Finished dev [unoptimized + debuginfo] target(s) in 1.68s
Dec 01 23:35:41.641 INFO [stderr] su: No module specific data is present
Dec 01 23:35:42.477 INFO running `"docker" "inspect" "5cbd72bad0f597f4f90740ff8d5b9bdc0e99d1f8eeea6eb92c9756fd03384ee7"`
Dec 01 23:35:42.577 INFO running `"docker" "rm" "-f" "5cbd72bad0f597f4f90740ff8d5b9bdc0e99d1f8eeea6eb92c9756fd03384ee7"`
Dec 01 23:35:42.682 INFO [stdout] 5cbd72bad0f597f4f90740ff8d5b9bdc0e99d1f8eeea6eb92c9756fd03384ee7
Dec 01 23:35:42.684 INFO running `"docker" "create" "-v" "/mnt/big/crater/work/local/target-dirs/beta-1.31-5/worker-1/master#8940af3cea4a9a9deabcaf843b2f8cad9a83fc61:/target:rw,Z" "-v" "/mnt/big/crater/work/local/test-source/worker-1/beta-1.31-5/master#8940af3cea4a9a9deabcaf843b2f8cad9a83fc61:/source:ro,Z" "-v" "/mnt/big/crater/work/local/cargo-home:/cargo-home:ro,Z" "-v" "/mnt/big/crater/work/local/rustup-home:/rustup-home:ro,Z" "-e" "USER_ID=1000" "-e" "SOURCE_DIR=/source" "-e" "USER_ID=1000" "-e" "CMD=cargo +8940af3cea4a9a9deabcaf843b2f8cad9a83fc61-alt test --frozen" "-e" "CARGO_TARGET_DIR=/target" "-e" "CARGO_INCREMENTAL=0" "-e" "RUST_BACKTRACE=full" "-e" "RUSTFLAGS=--cap-lints=warn" "-e" "CARGO_HOME=/cargo-home" "-e" "RUSTUP_HOME=/rustup-home" "-m" "1536M" "--network" "none" "crater"`
Dec 01 23:35:43.237 INFO [stdout] 3a82e5c7f221e988bfcedca0c85e68ff11f80bc6877489bcd5f16720a389426f
Dec 01 23:35:43.239 INFO running `"docker" "start" "-a" "3a82e5c7f221e988bfcedca0c85e68ff11f80bc6877489bcd5f16720a389426f"`
Dec 01 23:35:43.637 INFO [stderr] usermod: no changes
Dec 01 23:35:43.668 INFO [stderr]     Finished dev [unoptimized + debuginfo] target(s) in 0.00s
Dec 01 23:35:43.668 INFO [stderr]      Running /target/debug/deps/wordacademy_solver-ea258a00a9788b8d
Dec 01 23:35:43.672 INFO [stdout] 
Dec 01 23:35:43.672 INFO [stdout] running 3 tests
Dec 01 23:35:43.672 INFO [stdout] test board::tests::neighbours ... ok
Dec 01 23:35:43.673 INFO [stdout] test chargraph::tests::it_works ... ok
Dec 01 23:35:43.703 INFO [stdout] test chargraph::tests::build_chargraph_from_dict ... FAILED
Dec 01 23:35:43.703 INFO [stdout] 
Dec 01 23:35:43.703 INFO [stdout] failures:
Dec 01 23:35:43.703 INFO [stdout] 
Dec 01 23:35:43.703 INFO [stdout] ---- chargraph::tests::build_chargraph_from_dict stdout ----
Dec 01 23:35:43.703 INFO [stdout] thread 'chargraph::tests::build_chargraph_from_dict' panicked at 'file not found: Os { code: 2, kind: NotFound, message: "No such file or directory" }', libcore/result.rs:1009:5
Dec 01 23:35:43.703 INFO [stdout] stack backtrace:
Dec 01 23:35:43.703 INFO [stdout]    0:     0x55f24ebc985f - std::sys::unix::backtrace::tracing::imp::unwind_backtrace::h3a8b83e1922cbdde
Dec 01 23:35:43.703 INFO [stdout]                                at libstd/sys/unix/backtrace/tracing/gcc_s.rs:49
Dec 01 23:35:43.703 INFO [stdout]    1:     0x55f24ebd28a7 - std::sys_common::backtrace::print::h00d3155a29b4020f
Dec 01 23:35:43.703 INFO [stdout]                                at libstd/sys_common/backtrace.rs:71
Dec 01 23:35:43.703 INFO [stdout]                                at libstd/sys_common/backtrace.rs:59
Dec 01 23:35:43.703 INFO [stdout]    2:     0x55f24ebcd58f - std::panicking::default_hook::{{closure}}::hd7465c742e79e1bb
Dec 01 23:35:43.703 INFO [stdout]                                at libstd/panicking.rs:211
Dec 01 23:35:43.703 INFO [stdout]    3:     0x55f24ebcd28e - std::panicking::default_hook::h9e3966f2aa2a6e12
Dec 01 23:35:43.703 INFO [stdout]                                at libstd/panicking.rs:221
Dec 01 23:35:43.703 INFO [stdout]    4:     0x55f24ebcdc6e - std::panicking::rust_panic_with_hook::h587f091ae747d080
Dec 01 23:35:43.703 INFO [stdout]                                at libstd/panicking.rs:476
Dec 01 23:35:43.703 INFO [stdout]    5:     0x55f24ebcd811 - std::panicking::continue_panic_fmt::hb3a4fdede87f43a8
Dec 01 23:35:43.703 INFO [stdout]                                at libstd/panicking.rs:390
Dec 01 23:35:43.703 INFO [stdout]    6:     0x55f24ebcd6f5 - rust_begin_unwind
Dec 01 23:35:43.703 INFO [stdout]                                at libstd/panicking.rs:325
Dec 01 23:35:43.703 INFO [stdout]    7:     0x55f24ec0e0dc - core::panicking::panic_fmt::h6f9cebf5e7474a0b
Dec 01 23:35:43.703 INFO [stdout]                                at libcore/panicking.rs:77
Dec 01 23:35:43.703 INFO [stdout]    8:     0x55f24eb76197 - core::result::unwrap_failed::h5e6ea026f1de2552
Dec 01 23:35:43.703 INFO [stdout]                                at libcore/macros.rs:26
Dec 01 23:35:43.703 INFO [stdout]    9:     0x55f24eb75763 - <core::result::Result<T, E>>::expect::hd77854c370e447a9
Dec 01 23:35:43.703 INFO [stdout]                                at libcore/result.rs:835
Dec 01 23:35:43.703 INFO [stdout]   10:     0x55f24eb781e0 - wordacademy_solver::dictionary::load::hdecee41583515c7c
Dec 01 23:35:43.703 INFO [stdout]                                at src/dictionary.rs:5
Dec 01 23:35:43.703 INFO [stdout]   11:     0x55f24eb736d1 - wordacademy_solver::chargraph::tests::build_chargraph_from_dict::h6bb36b5ede671bc8
Dec 01 23:35:43.703 INFO [stdout]                                at src/chargraph.rs:95
Dec 01 23:35:43.703 INFO [stdout]   12:     0x55f24eb73699 - wordacademy_solver::chargraph::tests::build_chargraph_from_dict::{{closure}}::h95512b6aae6b2bf2
Dec 01 23:35:43.703 INFO [stdout]                                at src/chargraph.rs:94
Dec 01 23:35:43.703 INFO [stdout]   13:     0x55f24eb793cd - core::ops::function::FnOnce::call_once::h3eafdd082e8d5405
Dec 01 23:35:43.703 INFO [stdout]                                at libcore/ops/function.rs:238
Dec 01 23:35:43.703 INFO [stdout]   14:     0x55f24eb7d68e - <F as alloc::boxed::FnBox<A>>::call_box::hac903f91577a156c
Dec 01 23:35:43.703 INFO [stdout]                                at libtest/lib.rs:1468
Dec 01 23:35:43.703 INFO [stdout]                                at libcore/ops/function.rs:238
Dec 01 23:35:43.703 INFO [stdout]                                at liballoc/boxed.rs:672
Dec 01 23:35:43.703 INFO [stdout]   15:     0x55f24ebdd859 - __rust_maybe_catch_panic
Dec 01 23:35:43.703 INFO [stdout]                                at libpanic_unwind/lib.rs:102
Dec 01 23:35:43.703 INFO [stdout]   16:     0x55f24eb9f2e2 - std::sys_common::backtrace::__rust_begin_short_backtrace::hb8f0d0309526c184
Dec 01 23:35:43.703 INFO [stdout]                                at libstd/panicking.rs:289
Dec 01 23:35:43.703 INFO [stdout]                                at libstd/panic.rs:392
Dec 01 23:35:43.703 INFO [stdout]                                at libtest/lib.rs:1423
Dec 01 23:35:43.703 INFO [stdout]                                at libstd/sys_common/backtrace.rs:136
Dec 01 23:35:43.703 INFO [stdout]   17:     0x55f24eb9fd94 - std::panicking::try::do_call::hc2f7c8b9a348d8db
Dec 01 23:35:43.703 INFO [stdout]                                at libstd/thread/mod.rs:409
Dec 01 23:35:43.703 INFO [stdout]                                at libstd/panic.rs:313
Dec 01 23:35:43.703 INFO [stdout]                                at libstd/panicking.rs:310
Dec 01 23:35:43.703 INFO [stdout]   18:     0x55f24ebdd859 - __rust_maybe_catch_panic
Dec 01 23:35:43.703 INFO [stdout]                                at libpanic_unwind/lib.rs:102
Dec 01 23:35:43.703 INFO [stdout]   19:     0x55f24eb8cfcc - <F as alloc::boxed::FnBox<A>>::call_box::h6bfded618e480b32
Dec 01 23:35:43.703 INFO [stdout]                                at libstd/panicking.rs:289
Dec 01 23:35:43.703 INFO [stdout]                                at libstd/panic.rs:392
Dec 01 23:35:43.703 INFO [stdout]                                at libstd/thread/mod.rs:408
Dec 01 23:35:43.703 INFO [stdout]                                at liballoc/boxed.rs:672
Dec 01 23:35:43.703 INFO [stdout]   20:     0x55f24ebcb47d - std::sys_common::thread::start_thread::h4c28257d67cdf9cb
Dec 01 23:35:43.703 INFO [stdout]                                at liballoc/boxed.rs:682
Dec 01 23:35:43.703 INFO [stdout]                                at libstd/sys_common/thread.rs:24
Dec 01 23:35:43.703 INFO [stdout]   21:     0x55f24ebc0995 - std::sys::unix::thread::Thread::new::thread_start::hfecb2e7eff8fd34f
Dec 01 23:35:43.703 INFO [stdout]                                at libstd/sys/unix/thread.rs:90
Dec 01 23:35:43.703 INFO [stdout]   22:     0x7fdfb1e0a6b9 - start_thread
Dec 01 23:35:43.703 INFO [stdout]   23:     0x7fdfb192a41c - clone
Dec 01 23:35:43.703 INFO [stdout]   24:                0x0 - <unknown>
Dec 01 23:35:43.703 INFO [stdout] 
Dec 01 23:35:43.703 INFO [stdout] 
Dec 01 23:35:43.703 INFO [stdout] failures:
Dec 01 23:35:43.703 INFO [stdout]     chargraph::tests::build_chargraph_from_dict
Dec 01 23:35:43.703 INFO [stdout] 
Dec 01 23:35:43.703 INFO [stdout] test result: FAILED. 2 passed; 1 failed; 0 ignored; 0 measured; 0 filtered out
Dec 01 23:35:43.703 INFO [stdout] 
Dec 01 23:35:43.703 INFO [stderr] error: test failed, to rerun pass '--lib'
Dec 01 23:35:43.705 INFO [stderr] su: No module specific data is present
Dec 01 23:35:43.960 INFO running `"docker" "inspect" "3a82e5c7f221e988bfcedca0c85e68ff11f80bc6877489bcd5f16720a389426f"`
Dec 01 23:35:44.048 INFO running `"docker" "rm" "-f" "3a82e5c7f221e988bfcedca0c85e68ff11f80bc6877489bcd5f16720a389426f"`
Dec 01 23:35:44.157 INFO [stdout] 3a82e5c7f221e988bfcedca0c85e68ff11f80bc6877489bcd5f16720a389426f
